{"id":21,"date":"2021-02-09T10:22:43","date_gmt":"2021-02-09T09:22:43","guid":{"rendered":"http:\/\/optentiel.immo\/?page_id=21"},"modified":"2021-06-07T15:40:58","modified_gmt":"2021-06-07T13:40:58","slug":"projets","status":"publish","type":"page","link":"https:\/\/optentiel.immo\/index.php\/projets\/","title":{"rendered":"Projets"},"content":{"rendered":"\n<div style=\"height:50px\" aria-hidden=\"true\" class=\"wp-block-spacer\"><\/div>\n\n\n\n<h2 class=\"has-text-align-center\">Restauration et optimisation d&rsquo;un appartement<\/h2>\n\n\n\n<figure class=\"wp-block-gallery alignwide columns-1 is-cropped\"><ul class=\"blocks-gallery-grid\"><li class=\"blocks-gallery-item\"><figure><img loading=\"lazy\" width=\"1024\" height=\"683\" src=\"http:\/\/optentiel.immo\/wp-content\/uploads\/2021\/04\/shutterstock_1287075916-1024x683.jpg\" alt=\"\" data-id=\"136\" data-full-url=\"http:\/\/optentiel.immo\/wp-content\/uploads\/2021\/04\/shutterstock_1287075916-scaled.jpg\" data-link=\"http:\/\/optentiel.immo\/index.php\/realisations\/renovationconcept-kitchenroombeforeandafterrefurbishmentorrestoration\/\" class=\"wp-image-136\" srcset=\"https:\/\/optentiel.immo\/wp-content\/uploads\/2021\/04\/shutterstock_1287075916-1024x683.jpg 1024w, https:\/\/optentiel.immo\/wp-content\/uploads\/2021\/04\/shutterstock_1287075916-300x200.jpg 300w, https:\/\/optentiel.immo\/wp-content\/uploads\/2021\/04\/shutterstock_1287075916-768x512.jpg 768w, https:\/\/optentiel.immo\/wp-content\/uploads\/2021\/04\/shutterstock_1287075916-1536x1024.jpg 1536w, https:\/\/optentiel.immo\/wp-content\/uploads\/2021\/04\/shutterstock_1287075916-2048x1365.jpg 2048w\" sizes=\"(max-width: 1024px) 100vw, 1024px\" \/><\/figure><\/li><\/ul><\/figure>\n\n\n\n<h2 class=\"has-text-align-center\">Restauration d&rsquo;une maison individuelle &#8211; Ext\u00e9rieur<\/h2>\n\n\n\n<figure class=\"wp-block-gallery alignwide columns-1 is-cropped\"><ul class=\"blocks-gallery-grid\"><li class=\"blocks-gallery-item\"><figure><img loading=\"lazy\" width=\"1024\" height=\"761\" src=\"http:\/\/optentiel.immo\/wp-content\/uploads\/2021\/05\/shutterstock_535324096-1024x761.jpg\" alt=\"\" data-id=\"148\" data-full-url=\"http:\/\/optentiel.immo\/wp-content\/uploads\/2021\/05\/shutterstock_535324096-scaled.jpg\" data-link=\"http:\/\/optentiel.immo\/index.php\/realisations\/constructionofanewpartfromoldhousebeforeand\/\" class=\"wp-image-148\" srcset=\"https:\/\/optentiel.immo\/wp-content\/uploads\/2021\/05\/shutterstock_535324096-1024x761.jpg 1024w, https:\/\/optentiel.immo\/wp-content\/uploads\/2021\/05\/shutterstock_535324096-300x223.jpg 300w, https:\/\/optentiel.immo\/wp-content\/uploads\/2021\/05\/shutterstock_535324096-768x571.jpg 768w, https:\/\/optentiel.immo\/wp-content\/uploads\/2021\/05\/shutterstock_535324096-1536x1141.jpg 1536w, https:\/\/optentiel.immo\/wp-content\/uploads\/2021\/05\/shutterstock_535324096-2048x1521.jpg 2048w\" sizes=\"(max-width: 1024px) 100vw, 1024px\" \/><\/figure><\/li><\/ul><\/figure>\n\n\n\n<h2 class=\"has-text-align-center\">Restauration d&rsquo;une maison individuelle &#8211; Int\u00e9rieur<\/h2>\n\n\n\n<figure class=\"wp-block-gallery alignwide columns-1 is-cropped\"><ul class=\"blocks-gallery-grid\"><li class=\"blocks-gallery-item\"><figure><img loading=\"lazy\" width=\"1024\" height=\"725\" src=\"http:\/\/optentiel.immo\/wp-content\/uploads\/2021\/05\/shutterstock_539773426-1024x725.jpg\" alt=\"\" data-id=\"149\" data-full-url=\"http:\/\/optentiel.immo\/wp-content\/uploads\/2021\/05\/shutterstock_539773426-scaled.jpg\" data-link=\"http:\/\/optentiel.immo\/index.php\/realisations\/modernopenkitcheninrenovatedhousewithviewona-2\/\" class=\"wp-image-149\" srcset=\"https:\/\/optentiel.immo\/wp-content\/uploads\/2021\/05\/shutterstock_539773426-1024x725.jpg 1024w, https:\/\/optentiel.immo\/wp-content\/uploads\/2021\/05\/shutterstock_539773426-300x212.jpg 300w, https:\/\/optentiel.immo\/wp-content\/uploads\/2021\/05\/shutterstock_539773426-768x544.jpg 768w, https:\/\/optentiel.immo\/wp-content\/uploads\/2021\/05\/shutterstock_539773426-1536x1087.jpg 1536w, https:\/\/optentiel.immo\/wp-content\/uploads\/2021\/05\/shutterstock_539773426-2048x1449.jpg 2048w\" sizes=\"(max-width: 1024px) 100vw, 1024px\" \/><\/figure><\/li><\/ul><\/figure>\n\n\n\n<h2 class=\"has-text-align-center\">R\u00e9habilitation d&rsquo;une maison de ville &#8211; Ext\u00e9rieur<\/h2>\n\n\n\n<p><\/p>\n\n\n\n<figure class=\"wp-block-gallery alignwide columns-2 is-cropped\"><ul class=\"blocks-gallery-grid\"><li class=\"blocks-gallery-item\"><figure><img loading=\"lazy\" width=\"1024\" height=\"768\" src=\"http:\/\/optentiel.immo\/wp-content\/uploads\/2021\/04\/IMG_0033-1-1024x768.jpg\" alt=\"\" data-id=\"126\" data-link=\"http:\/\/optentiel.immo\/index.php\/realisations\/img_0033-1\/\" class=\"wp-image-126\" srcset=\"https:\/\/optentiel.immo\/wp-content\/uploads\/2021\/04\/IMG_0033-1-1024x768.jpg 1024w, https:\/\/optentiel.immo\/wp-content\/uploads\/2021\/04\/IMG_0033-1-300x225.jpg 300w, https:\/\/optentiel.immo\/wp-content\/uploads\/2021\/04\/IMG_0033-1-768x576.jpg 768w, https:\/\/optentiel.immo\/wp-content\/uploads\/2021\/04\/IMG_0033-1-1536x1152.jpg 1536w, https:\/\/optentiel.immo\/wp-content\/uploads\/2021\/04\/IMG_0033-1-2048x1536.jpg 2048w\" sizes=\"(max-width: 1024px) 100vw, 1024px\" \/><\/figure><\/li><li class=\"blocks-gallery-item\"><figure><img loading=\"lazy\" width=\"1024\" height=\"682\" src=\"http:\/\/optentiel.immo\/wp-content\/uploads\/2021\/04\/exposio_0015.jpg\" alt=\"\" data-id=\"127\" data-link=\"http:\/\/optentiel.immo\/index.php\/realisations\/exposio_0015\/\" class=\"wp-image-127\" srcset=\"https:\/\/optentiel.immo\/wp-content\/uploads\/2021\/04\/exposio_0015.jpg 1024w, https:\/\/optentiel.immo\/wp-content\/uploads\/2021\/04\/exposio_0015-300x200.jpg 300w, https:\/\/optentiel.immo\/wp-content\/uploads\/2021\/04\/exposio_0015-768x512.jpg 768w\" sizes=\"(max-width: 1024px) 100vw, 1024px\" \/><\/figure><\/li><\/ul><\/figure>\n\n\n\n<h2 class=\"has-text-align-center\">R\u00e9habilitation d&rsquo;une maison de ville &#8211; Int\u00e9rieur<\/h2>\n\n\n\n<figure class=\"wp-block-gallery alignwide columns-2 is-cropped\"><ul class=\"blocks-gallery-grid\"><li class=\"blocks-gallery-item\"><figure><img loading=\"lazy\" width=\"1024\" height=\"768\" src=\"http:\/\/optentiel.immo\/wp-content\/uploads\/2021\/04\/IMG_0029-1-1024x768.jpg\" alt=\"\" data-id=\"132\" data-link=\"http:\/\/optentiel.immo\/index.php\/realisations\/img_0029-1\/\" class=\"wp-image-132\" srcset=\"https:\/\/optentiel.immo\/wp-content\/uploads\/2021\/04\/IMG_0029-1-1024x768.jpg 1024w, https:\/\/optentiel.immo\/wp-content\/uploads\/2021\/04\/IMG_0029-1-300x225.jpg 300w, https:\/\/optentiel.immo\/wp-content\/uploads\/2021\/04\/IMG_0029-1-768x576.jpg 768w, https:\/\/optentiel.immo\/wp-content\/uploads\/2021\/04\/IMG_0029-1-1536x1152.jpg 1536w, https:\/\/optentiel.immo\/wp-content\/uploads\/2021\/04\/IMG_0029-1-2048x1536.jpg 2048w\" sizes=\"(max-width: 1024px) 100vw, 1024px\" \/><\/figure><\/li><li class=\"blocks-gallery-item\"><figure><img loading=\"lazy\" width=\"1024\" height=\"682\" src=\"http:\/\/optentiel.immo\/wp-content\/uploads\/2021\/04\/exposio_0009-1.jpg\" alt=\"\" data-id=\"133\" data-full-url=\"http:\/\/optentiel.immo\/wp-content\/uploads\/2021\/04\/exposio_0009-1.jpg\" data-link=\"http:\/\/optentiel.immo\/index.php\/realisations\/exposio_0009-1\/\" class=\"wp-image-133\" srcset=\"https:\/\/optentiel.immo\/wp-content\/uploads\/2021\/04\/exposio_0009-1.jpg 1024w, https:\/\/optentiel.immo\/wp-content\/uploads\/2021\/04\/exposio_0009-1-300x200.jpg 300w, https:\/\/optentiel.immo\/wp-content\/uploads\/2021\/04\/exposio_0009-1-768x512.jpg 768w\" sizes=\"(max-width: 1024px) 100vw, 1024px\" \/><\/figure><\/li><\/ul><\/figure>\n","protected":false},"excerpt":{"rendered":"<p>Restauration et optimisation d&rsquo;un appartement Restauration d&rsquo;une maison individuelle &#8211; Ext\u00e9rieur Restauration d&rsquo;une maison individuelle &#8211; Int\u00e9rieur R\u00e9habilitation d&rsquo;une maison de ville &#8211; Ext\u00e9rieur R\u00e9habilitation d&rsquo;une maison de ville &#8211; &#8230;<\/p>\n","protected":false},"author":1,"featured_media":0,"parent":0,"menu_order":0,"comment_status":"closed","ping_status":"closed","template":"","meta":[],"_links":{"self":[{"href":"https:\/\/optentiel.immo\/index.php\/wp-json\/wp\/v2\/pages\/21"}],"collection":[{"href":"https:\/\/optentiel.immo\/index.php\/wp-json\/wp\/v2\/pages"}],"about":[{"href":"https:\/\/optentiel.immo\/index.php\/wp-json\/wp\/v2\/types\/page"}],"author":[{"embeddable":true,"href":"https:\/\/optentiel.immo\/index.php\/wp-json\/wp\/v2\/users\/1"}],"replies":[{"embeddable":true,"href":"https:\/\/optentiel.immo\/index.php\/wp-json\/wp\/v2\/comments?post=21"}],"version-history":[{"count":18,"href":"https:\/\/optentiel.immo\/index.php\/wp-json\/wp\/v2\/pages\/21\/revisions"}],"predecessor-version":[{"id":336,"href":"https:\/\/optentiel.immo\/index.php\/wp-json\/wp\/v2\/pages\/21\/revisions\/336"}],"wp:attachment":[{"href":"https:\/\/optentiel.immo\/index.php\/wp-json\/wp\/v2\/media?parent=21"}],"curies":[{"name":"wp","href":"https:\/\/api.w.org\/{rel}","templated":true}]}}